{"id":7230,"date":"2023-04-17T09:58:42","date_gmt":"2023-04-17T09:58:42","guid":{"rendered":"https:\/\/www.loja.prorevi.pt\/?post_type=product&#038;p=7230"},"modified":"2023-04-17T09:58:43","modified_gmt":"2023-04-17T09:58:43","slug":"emenda-de-varao-roscado","status":"publish","type":"product","link":"https:\/\/www.loja.prorevi.pt\/?product=emenda-de-varao-roscado","title":{"rendered":"Emenda de Var\u00e3o Roscado"},"content":{"rendered":"<p>Uni\u00e3o roscada para unir 2 var\u00f5es roscados de 6mm de di\u00e2metro, definindo prolongamentos.<\/p>\n","protected":false},"excerpt":{"rendered":"<p>Uni\u00e3o roscada para unir 2 var\u00f5es roscados de 6mm de di\u00e2metro, definindo prolongamentos.<\/p>\n","protected":false},"featured_media":7231,"comment_status":"open","ping_status":"closed","template":"","meta":[],"product_cat":[112,111],"product_tag":[],"_links":{"self":[{"href":"https:\/\/www.loja.prorevi.pt\/index.php?rest_route=\/wp\/v2\/product\/7230"}],"collection":[{"href":"https:\/\/www.loja.prorevi.pt\/index.php?rest_route=\/wp\/v2\/product"}],"about":[{"href":"https:\/\/www.loja.prorevi.pt\/index.php?rest_route=\/wp\/v2\/types\/product"}],"replies":[{"embeddable":true,"href":"https:\/\/www.loja.prorevi.pt\/index.php?rest_route=%2Fwp%2Fv2%2Fcomments&post=7230"}],"wp:featuredmedia":[{"embeddable":true,"href":"https:\/\/www.loja.prorevi.pt\/index.php?rest_route=\/wp\/v2\/media\/7231"}],"wp:attachment":[{"href":"https:\/\/www.loja.prorevi.pt\/index.php?rest_route=%2Fwp%2Fv2%2Fmedia&parent=7230"}],"wp:term":[{"taxonomy":"product_cat","embeddable":true,"href":"https:\/\/www.loja.prorevi.pt\/index.php?rest_route=%2Fwp%2Fv2%2Fproduct_cat&post=7230"},{"taxonomy":"product_tag","embeddable":true,"href":"https:\/\/www.loja.prorevi.pt\/index.php?rest_route=%2Fwp%2Fv2%2Fproduct_tag&post=7230"}],"curies":[{"name":"wp","href":"https:\/\/api.w.org\/{rel}","templated":true}]}}

Emenda de Varão Roscado

<p>União roscada para unir 2 varões roscados de 6mm de diâmetro, definindo prolongamentos.</p>
