{"id":7288,"date":"2023-04-17T13:34:17","date_gmt":"2023-04-17T13:34:17","guid":{"rendered":"https:\/\/www.loja.prorevi.pt\/?post_type=product&#038;p=7288"},"modified":"2023-04-17T13:34:18","modified_gmt":"2023-04-17T13:34:18","slug":"bucha-quimica","status":"publish","type":"product","link":"https:\/\/www.loja.prorevi.pt\/?product=bucha-quimica","title":{"rendered":"Bucha Qu\u00edmica"},"content":{"rendered":"<p>Bucha qu\u00edmica para a fixa\u00e7\u00e3o de cargas, compat\u00edvel com a generalidade dos materiais de constru\u00e7\u00e3o.<\/p>\n","protected":false},"excerpt":{"rendered":"<p>Bucha qu\u00edmica para a fixa\u00e7\u00e3o de cargas, compat\u00edvel com a generalidade dos materiais de constru\u00e7\u00e3o.<\/p>\n","protected":false},"featured_media":7289,"comment_status":"open","ping_status":"closed","template":"","meta":[],"product_cat":[169,116],"product_tag":[],"_links":{"self":[{"href":"https:\/\/www.loja.prorevi.pt\/index.php?rest_route=\/wp\/v2\/product\/7288"}],"collection":[{"href":"https:\/\/www.loja.prorevi.pt\/index.php?rest_route=\/wp\/v2\/product"}],"about":[{"href":"https:\/\/www.loja.prorevi.pt\/index.php?rest_route=\/wp\/v2\/types\/product"}],"replies":[{"embeddable":true,"href":"https:\/\/www.loja.prorevi.pt\/index.php?rest_route=%2Fwp%2Fv2%2Fcomments&post=7288"}],"wp:featuredmedia":[{"embeddable":true,"href":"https:\/\/www.loja.prorevi.pt\/index.php?rest_route=\/wp\/v2\/media\/7289"}],"wp:attachment":[{"href":"https:\/\/www.loja.prorevi.pt\/index.php?rest_route=%2Fwp%2Fv2%2Fmedia&parent=7288"}],"wp:term":[{"taxonomy":"product_cat","embeddable":true,"href":"https:\/\/www.loja.prorevi.pt\/index.php?rest_route=%2Fwp%2Fv2%2Fproduct_cat&post=7288"},{"taxonomy":"product_tag","embeddable":true,"href":"https:\/\/www.loja.prorevi.pt\/index.php?rest_route=%2Fwp%2Fv2%2Fproduct_tag&post=7288"}],"curies":[{"name":"wp","href":"https:\/\/api.w.org\/{rel}","templated":true}]}}

Bucha Química

<p>Bucha química para a fixação de cargas, compatível com a generalidade dos materiais de construção.</p>
