{"id":7345,"date":"2023-04-17T16:25:52","date_gmt":"2023-04-17T16:25:52","guid":{"rendered":"https:\/\/www.loja.prorevi.pt\/?post_type=product&#038;p=7345"},"modified":"2023-04-17T16:25:52","modified_gmt":"2023-04-17T16:25:52","slug":"weber-rev-pasta","status":"publish","type":"product","link":"https:\/\/www.loja.prorevi.pt\/?product=weber-rev-pasta","title":{"rendered":"Weber rev Pasta"},"content":{"rendered":"<p>Produto bi-componente para acabamento de paredes e tetos exteriores, em textura lisa (estanhada), sobre bet\u00e3o e rebocos de cimento, pastas de regulariza\u00e7\u00e3o (Weber plast Renovation) e sistemas Weber therm (ETICS).<\/p>\n","protected":false},"excerpt":{"rendered":"<p>Produto bi-componente para acabamento de paredes e tetos exteriores, em textura lisa (estanhada), sobre bet\u00e3o e rebocos de cimento, pastas de regulariza\u00e7\u00e3o (Weber plast Renovation) e sistemas Weber therm (ETICS).<\/p>\n","protected":false},"featured_media":7346,"comment_status":"open","ping_status":"closed","template":"","meta":[],"product_cat":[133,119],"product_tag":[],"_links":{"self":[{"href":"https:\/\/www.loja.prorevi.pt\/index.php?rest_route=\/wp\/v2\/product\/7345"}],"collection":[{"href":"https:\/\/www.loja.prorevi.pt\/index.php?rest_route=\/wp\/v2\/product"}],"about":[{"href":"https:\/\/www.loja.prorevi.pt\/index.php?rest_route=\/wp\/v2\/types\/product"}],"replies":[{"embeddable":true,"href":"https:\/\/www.loja.prorevi.pt\/index.php?rest_route=%2Fwp%2Fv2%2Fcomments&post=7345"}],"wp:featuredmedia":[{"embeddable":true,"href":"https:\/\/www.loja.prorevi.pt\/index.php?rest_route=\/wp\/v2\/media\/7346"}],"wp:attachment":[{"href":"https:\/\/www.loja.prorevi.pt\/index.php?rest_route=%2Fwp%2Fv2%2Fmedia&parent=7345"}],"wp:term":[{"taxonomy":"product_cat","embeddable":true,"href":"https:\/\/www.loja.prorevi.pt\/index.php?rest_route=%2Fwp%2Fv2%2Fproduct_cat&post=7345"},{"taxonomy":"product_tag","embeddable":true,"href":"https:\/\/www.loja.prorevi.pt\/index.php?rest_route=%2Fwp%2Fv2%2Fproduct_tag&post=7345"}],"curies":[{"name":"wp","href":"https:\/\/api.w.org\/{rel}","templated":true}]}}