{"id":7347,"date":"2023-04-17T16:31:58","date_gmt":"2023-04-17T16:31:58","guid":{"rendered":"https:\/\/www.loja.prorevi.pt\/?post_type=product&#038;p=7347"},"modified":"2023-04-17T16:31:58","modified_gmt":"2023-04-17T16:31:58","slug":"weber-rev-renotec-plus","status":"publish","type":"product","link":"https:\/\/www.loja.prorevi.pt\/?product=weber-rev-renotec-plus","title":{"rendered":"Weber rev Renotec Plus"},"content":{"rendered":"<p>Argamassa de regulariza\u00e7\u00e3o e impermeabiliza\u00e7\u00e3o em camada fina, para renova\u00e7\u00e3o de paredes interiores ou exteriores com baixa \/ nula absor\u00e7\u00e3o (cer\u00e2micos, bet\u00e3o, rebocos, e ainda placas OSB ap\u00f3s Weber prim Universal), permitindo colagem de pastilha cer\u00e2mica (sobre suporte cer\u00e2mico), ou acabamentos em textura areada ou alisada.<\/p>\n","protected":false},"excerpt":{"rendered":"<p>Argamassa de regulariza\u00e7\u00e3o e impermeabiliza\u00e7\u00e3o em camada fina, para renova\u00e7\u00e3o de paredes interiores ou exteriores com baixa \/ nula absor\u00e7\u00e3o (cer\u00e2micos, bet\u00e3o, rebocos, e ainda placas OSB ap\u00f3s Weber prim Universal), permitindo colagem de pastilha cer\u00e2mica (sobre suporte cer\u00e2mico), ou acabamentos em textura areada ou alisada.<\/p>\n","protected":false},"featured_media":7348,"comment_status":"open","ping_status":"closed","template":"","meta":[],"product_cat":[133,119],"product_tag":[],"_links":{"self":[{"href":"https:\/\/www.loja.prorevi.pt\/index.php?rest_route=\/wp\/v2\/product\/7347"}],"collection":[{"href":"https:\/\/www.loja.prorevi.pt\/index.php?rest_route=\/wp\/v2\/product"}],"about":[{"href":"https:\/\/www.loja.prorevi.pt\/index.php?rest_route=\/wp\/v2\/types\/product"}],"replies":[{"embeddable":true,"href":"https:\/\/www.loja.prorevi.pt\/index.php?rest_route=%2Fwp%2Fv2%2Fcomments&post=7347"}],"wp:featuredmedia":[{"embeddable":true,"href":"https:\/\/www.loja.prorevi.pt\/index.php?rest_route=\/wp\/v2\/media\/7348"}],"wp:attachment":[{"href":"https:\/\/www.loja.prorevi.pt\/index.php?rest_route=%2Fwp%2Fv2%2Fmedia&parent=7347"}],"wp:term":[{"taxonomy":"product_cat","embeddable":true,"href":"https:\/\/www.loja.prorevi.pt\/index.php?rest_route=%2Fwp%2Fv2%2Fproduct_cat&post=7347"},{"taxonomy":"product_tag","embeddable":true,"href":"https:\/\/www.loja.prorevi.pt\/index.php?rest_route=%2Fwp%2Fv2%2Fproduct_tag&post=7347"}],"curies":[{"name":"wp","href":"https:\/\/api.w.org\/{rel}","templated":true}]}}

<p>Argamassa de regularização e impermeabilização em camada fina, para renovação de paredes interiores ou exteriores com baixa / nula absorção (cerâmicos, betão, rebocos, e ainda placas OSB após Weber prim Universal), permitindo colagem de pastilha cerâmica (sobre suporte cerâmico), ou acabamentos em textura areada ou alisada.</p>
