{"id":7373,"date":"2023-04-21T16:34:16","date_gmt":"2023-04-21T16:34:16","guid":{"rendered":"https:\/\/www.loja.prorevi.pt\/?post_type=product&#038;p=7373"},"modified":"2023-04-21T16:34:16","modified_gmt":"2023-04-21T16:34:16","slug":"weber-floor-base","status":"publish","type":"product","link":"https:\/\/www.loja.prorevi.pt\/?product=weber-floor-base","title":{"rendered":"Weber floor Base"},"content":{"rendered":"<p>Betonilha de enchimento e regulariza\u00e7\u00e3o de pavimentos interiores e exteriores, sobre suportes ciment\u00edcios, cer\u00e2mica ou pedra, entre 4 e 8cm de espessura.<\/p>\n","protected":false},"excerpt":{"rendered":"<p>Betonilha de enchimento e regulariza\u00e7\u00e3o de pavimentos interiores e exteriores, sobre suportes ciment\u00edcios, cer\u00e2mica ou pedra, entre 4 e 8cm de espessura.<\/p>\n","protected":false},"featured_media":7374,"comment_status":"open","ping_status":"closed","template":"","meta":[],"product_cat":[163,120],"product_tag":[],"_links":{"self":[{"href":"https:\/\/www.loja.prorevi.pt\/index.php?rest_route=\/wp\/v2\/product\/7373"}],"collection":[{"href":"https:\/\/www.loja.prorevi.pt\/index.php?rest_route=\/wp\/v2\/product"}],"about":[{"href":"https:\/\/www.loja.prorevi.pt\/index.php?rest_route=\/wp\/v2\/types\/product"}],"replies":[{"embeddable":true,"href":"https:\/\/www.loja.prorevi.pt\/index.php?rest_route=%2Fwp%2Fv2%2Fcomments&post=7373"}],"wp:featuredmedia":[{"embeddable":true,"href":"https:\/\/www.loja.prorevi.pt\/index.php?rest_route=\/wp\/v2\/media\/7374"}],"wp:attachment":[{"href":"https:\/\/www.loja.prorevi.pt\/index.php?rest_route=%2Fwp%2Fv2%2Fmedia&parent=7373"}],"wp:term":[{"taxonomy":"product_cat","embeddable":true,"href":"https:\/\/www.loja.prorevi.pt\/index.php?rest_route=%2Fwp%2Fv2%2Fproduct_cat&post=7373"},{"taxonomy":"product_tag","embeddable":true,"href":"https:\/\/www.loja.prorevi.pt\/index.php?rest_route=%2Fwp%2Fv2%2Fproduct_tag&post=7373"}],"curies":[{"name":"wp","href":"https:\/\/api.w.org\/{rel}","templated":true}]}}