{"id":7381,"date":"2023-04-21T16:56:14","date_gmt":"2023-04-21T16:56:14","guid":{"rendered":"https:\/\/www.loja.prorevi.pt\/?post_type=product&#038;p=7381"},"modified":"2023-04-21T16:56:14","modified_gmt":"2023-04-21T16:56:14","slug":"weber-floor-rep","status":"publish","type":"product","link":"https:\/\/www.loja.prorevi.pt\/?product=weber-floor-rep","title":{"rendered":"Weber floor Rep"},"content":{"rendered":"<p>Argamassa para repara\u00e7\u00f5es pontuais, enchimento de cavidades em pavimentos ciment\u00edcios, cria\u00e7\u00e3o de pendentes e execu\u00e7\u00e3o de meias canas (espessuras de 1 a 4cm), sobre bet\u00e3o, betonilhas, cer\u00e2mica e pedra natural, no interior e exterior.<\/p>\n","protected":false},"excerpt":{"rendered":"<p>Argamassa para repara\u00e7\u00f5es pontuais, enchimento de cavidades em pavimentos ciment\u00edcios, cria\u00e7\u00e3o de pendentes e execu\u00e7\u00e3o de meias canas (espessuras de 1 a 4cm), sobre bet\u00e3o, betonilhas, cer\u00e2mica e pedra natural, no interior e exterior.<\/p>\n","protected":false},"featured_media":7382,"comment_status":"open","ping_status":"closed","template":"","meta":[],"product_cat":[163,120],"product_tag":[],"_links":{"self":[{"href":"https:\/\/www.loja.prorevi.pt\/index.php?rest_route=\/wp\/v2\/product\/7381"}],"collection":[{"href":"https:\/\/www.loja.prorevi.pt\/index.php?rest_route=\/wp\/v2\/product"}],"about":[{"href":"https:\/\/www.loja.prorevi.pt\/index.php?rest_route=\/wp\/v2\/types\/product"}],"replies":[{"embeddable":true,"href":"https:\/\/www.loja.prorevi.pt\/index.php?rest_route=%2Fwp%2Fv2%2Fcomments&post=7381"}],"wp:featuredmedia":[{"embeddable":true,"href":"https:\/\/www.loja.prorevi.pt\/index.php?rest_route=\/wp\/v2\/media\/7382"}],"wp:attachment":[{"href":"https:\/\/www.loja.prorevi.pt\/index.php?rest_route=%2Fwp%2Fv2%2Fmedia&parent=7381"}],"wp:term":[{"taxonomy":"product_cat","embeddable":true,"href":"https:\/\/www.loja.prorevi.pt\/index.php?rest_route=%2Fwp%2Fv2%2Fproduct_cat&post=7381"},{"taxonomy":"product_tag","embeddable":true,"href":"https:\/\/www.loja.prorevi.pt\/index.php?rest_route=%2Fwp%2Fv2%2Fproduct_tag&post=7381"}],"curies":[{"name":"wp","href":"https:\/\/api.w.org\/{rel}","templated":true}]}}

<p>Argamassa para reparações pontuais, enchimento de cavidades em pavimentos cimentícios, criação de pendentes e execução de meias canas (espessuras de 1 a 4cm), sobre betão, betonilhas, cerâmica e pedra natural, no interior e exterior.</p>
