{"id":7498,"date":"2024-02-28T15:48:37","date_gmt":"2024-02-28T15:48:37","guid":{"rendered":"https:\/\/www.loja.prorevi.pt\/?post_type=product&#038;p=7498"},"modified":"2024-02-28T15:56:11","modified_gmt":"2024-02-28T15:56:11","slug":"weber-prim-rp","status":"publish","type":"product","link":"https:\/\/www.loja.prorevi.pt\/?product=weber-prim-rp","title":{"rendered":"Weber prim RP"},"content":{"rendered":"<p>Prim\u00e1rio de ader\u00eancia monocomponente, para promover a ader\u00eancia de autonivelantes ciment\u00edcios da gama weberfloor sobre suportes porosos em interiores.<\/p>\n","protected":false},"excerpt":{"rendered":"<p>Prim\u00e1rio de ader\u00eancia monocomponente, para promover a ader\u00eancia de autonivelantes ciment\u00edcios da gama weberfloor sobre suportes porosos em interiores.<\/p>\n","protected":false},"featured_media":7499,"comment_status":"open","ping_status":"closed","template":"","meta":[],"product_cat":[164,120],"product_tag":[],"_links":{"self":[{"href":"https:\/\/www.loja.prorevi.pt\/index.php?rest_route=\/wp\/v2\/product\/7498"}],"collection":[{"href":"https:\/\/www.loja.prorevi.pt\/index.php?rest_route=\/wp\/v2\/product"}],"about":[{"href":"https:\/\/www.loja.prorevi.pt\/index.php?rest_route=\/wp\/v2\/types\/product"}],"replies":[{"embeddable":true,"href":"https:\/\/www.loja.prorevi.pt\/index.php?rest_route=%2Fwp%2Fv2%2Fcomments&post=7498"}],"wp:featuredmedia":[{"embeddable":true,"href":"https:\/\/www.loja.prorevi.pt\/index.php?rest_route=\/wp\/v2\/media\/7499"}],"wp:attachment":[{"href":"https:\/\/www.loja.prorevi.pt\/index.php?rest_route=%2Fwp%2Fv2%2Fmedia&parent=7498"}],"wp:term":[{"taxonomy":"product_cat","embeddable":true,"href":"https:\/\/www.loja.prorevi.pt\/index.php?rest_route=%2Fwp%2Fv2%2Fproduct_cat&post=7498"},{"taxonomy":"product_tag","embeddable":true,"href":"https:\/\/www.loja.prorevi.pt\/index.php?rest_route=%2Fwp%2Fv2%2Fproduct_tag&post=7498"}],"curies":[{"name":"wp","href":"https:\/\/api.w.org\/{rel}","templated":true}]}}

<p>Primário de aderência monocomponente, para promover a aderência de autonivelantes cimentícios da gama weberfloor sobre suportes porosos em interiores.</p>
